{"id":114,"date":"2021-03-23T18:29:17","date_gmt":"2021-03-23T17:29:17","guid":{"rendered":"https:\/\/danielceron.fr\/karamar\/?page_id=114"},"modified":"2021-03-23T18:31:57","modified_gmt":"2021-03-23T17:31:57","slug":"politique-de-protection-des-donnees-a-caractere-personnel","status":"publish","type":"page","link":"https:\/\/danielceron.fr\/karamar\/index.php\/politique-de-protection-des-donnees-a-caractere-personnel\/","title":{"rendered":"Politique de protection des donn\u00e9es \u00e0 caract\u00e8re personnel"},"content":{"rendered":"<p><\/p>\n<h2> Engagement de confidentialit\u00e9<\/h2>\n<p><strong>Collecte et utilisation des donn\u00e9es personnelles : aucune collecte et utilisation des donn\u00e9es personnelles.<\/strong><\/p>\n<p><strong>Collecte et utilisation des donn\u00e9es non personnelles : aucune collecte et utilisation des donn\u00e9es non personnelles.<\/strong><\/p>\n<p><strong>Cookies et autres technologies : aucune.<\/strong><\/p>\n<p><strong>Prise de d\u00e9cision automatis\u00e9e et profilage : aucune d\u00e9cision impliquant l\u2019utilisation d\u2019algorithmes ou de profilage.<\/strong><\/p>\n<p><strong>Services de g\u00e9olocalisation : aucun recueil des donn\u00e9es de localisation.<\/strong><\/p>\n<p><strong>Transferts internationaux : aucun.<\/strong><\/p>\n<p><\/p>\n\n\n<p><h2><strong>Concernant les cookies tiers,<\/h2> nous avons inclus sur notre site des liens vers des applications informatiques \u00e9manant de tiers, qui vous permettent de : <br><br>\nVisualiser des vid\u00e9os (Youtube),  <br><br>\nPartager des contenus de notre site avec d&rsquo;autres personnes ou de faire conna\u00eetre \u00e0 ces autres personnes votre consultation ou votre opinion concernant un contenu de notre site (r\u00e9seaux sociaux tels que Facebook, Twitter, Instagram),<br><br>\nAcc\u00e9der \u00e0 des sites Internet partenaires,<br><br>\nAcc\u00e9der aux stores Apple, Amazon et Google.<\/p>\n\n\n\n<p>Ces applications informatiques peuvent collecter des donn\u00e9es relatives \u00e0 votre navigation sur notre site et les associer aux donn\u00e9es personnelles dont ils disposent.<\/p>\n\n\n\n<p>Nous vous invitons \u00e0 consulter les politiques de protection de la vie priv\u00e9e de ces sites afin de prendre connaissance des finalit\u00e9s d&rsquo;utilisation, notamment publicitaires, des informations de navigation qu&rsquo;ils peuvent recueillir gr\u00e2ce \u00e0 ces boutons\/liens applicatifs. Ces politiques de protection doivent notamment vous permettre d&rsquo;exercer vos choix aupr\u00e8s de ces sites en param\u00e9trant vos comptes d&rsquo;utilisation de ces sites.<\/p>\n\n\n\n<p>Pour refuser les cookies, vous pouvez configurer les pr\u00e9f\u00e9rences de votre logiciel de navigation de la mani\u00e8re suivante :<\/p>\n\n\n\n<p>Pour Mozilla Firefox :<br>Choisissez le menu \u00ab\u00a0outil \u00a0\u00bb puis \u00ab\u00a0Options\u00a0\u00bb \/ Cliquez sur l&rsquo;ic\u00f4ne \u00ab\u00a0vie priv\u00e9e\u00a0\u00bb \/ Rep\u00e9rez le menu \u00ab\u00a0cookie\u00a0\u00bb et s\u00e9lectionnez les options qui vous conviennent.<\/p>\n\n\n\n<p>Pour Microsoft Internet Explorer 6.0 \u00e0 10.0 :<br>Allez dans le menu \u00ab\u00a0Outils\u00a0\u00bb (ou \u00ab\u00a0Tools\u00a0\u00bb), puis \u00ab\u00a0Options Internet\u00a0\u00bb (ou \u00ab\u00a0Internet Options\u00a0\u00bb) \/ cliquez sur l&rsquo;onglet \u00ab\u00a0Confidentialit\u00e9\u00a0\u00bb (ou \u00ab\u00a0privacy\u00a0\u00bb) \/ s\u00e9lectionnez le niveau souhait\u00e9 \u00e0 l&rsquo;aide du curseur.<\/p>\n\n\n\n<p>Pour Chrome :<br>Allez dans le menu Param\u00e8tres &gt; Param\u00e8tres avanc\u00e9es &gt; Confidentialit\u00e9 et s\u00e9curit\u00e9 puis choisissez dans \u00ab Param\u00e8tres du contenu\u00bb puis dans \u00ab cookies \u00bb l\u2019option qui vous convient.<\/p>\n\n\n\n<p>Pour Safari :<br>Allez dans le menu Pr\u00e9f\u00e9rences &gt; Confidentialit\u00e9 puis choisissez la configuration qui vous convient.<\/p>\n\n\n\n<p>Pour Op\u00e9ra :<br>Allez dans le menu R\u00e9glage &gt; Vie priv\u00e9e et s\u00e9curit\u00e9 &gt; Cookies puis choisissez la configuration qui vous convient.<\/p>\n\n\n<p><\/p>","protected":false},"excerpt":{"rendered":"<p>Engagement de confidentialit\u00e9 Collecte et utilisation des donn\u00e9es personnelles : aucune collecte et utilisation des donn\u00e9es personnelles. Collecte et utilisation des donn\u00e9es non personnelles : aucune collecte et utilisation des donn\u00e9es non personnelles. Cookies et autres technologies : aucune. Prise de d\u00e9cision automatis\u00e9e et profilage : aucune d\u00e9cision impliquant l\u2019utilisation<a href=\"https:\/\/danielceron.fr\/karamar\/index.php\/politique-de-protection-des-donnees-a-caractere-personnel\/\" class=\"read-more\">Read More&#8230;<\/a><\/p>\n","protected":false},"author":1,"featured_media":0,"parent":0,"menu_order":11,"comment_status":"closed","ping_status":"closed","template":"fullwidth.php","meta":{"footnotes":""},"class_list":["post-114","page","type-page","status-publish","hentry"],"_links":{"self":[{"href":"https:\/\/danielceron.fr\/karamar\/index.php\/wp-json\/wp\/v2\/pages\/114","targetHints":{"allow":["GET"]}}],"collection":[{"href":"https:\/\/danielceron.fr\/karamar\/index.php\/wp-json\/wp\/v2\/pages"}],"about":[{"href":"https:\/\/danielceron.fr\/karamar\/index.php\/wp-json\/wp\/v2\/types\/page"}],"author":[{"embeddable":true,"href":"https:\/\/danielceron.fr\/karamar\/index.php\/wp-json\/wp\/v2\/users\/1"}],"replies":[{"embeddable":true,"href":"https:\/\/danielceron.fr\/karamar\/index.php\/wp-json\/wp\/v2\/comments?post=114"}],"version-history":[{"count":14,"href":"https:\/\/danielceron.fr\/karamar\/index.php\/wp-json\/wp\/v2\/pages\/114\/revisions"}],"predecessor-version":[{"id":132,"href":"https:\/\/danielceron.fr\/karamar\/index.php\/wp-json\/wp\/v2\/pages\/114\/revisions\/132"}],"wp:attachment":[{"href":"https:\/\/danielceron.fr\/karamar\/index.php\/wp-json\/wp\/v2\/media?parent=114"}],"curies":[{"name":"wp","href":"https:\/\/api.w.org\/{rel}","templated":true}]}}