{"id":59,"date":"2021-03-12T10:02:21","date_gmt":"2021-03-12T09:02:21","guid":{"rendered":"https:\/\/danielceron.fr\/karamar\/?page_id=59"},"modified":"2024-09-08T10:51:04","modified_gmt":"2024-09-08T08:51:04","slug":"karate-martial","status":"publish","type":"page","link":"https:\/\/danielceron.fr\/karamar\/index.php\/karate-martial\/","title":{"rendered":"Karat\u00e9 Martial"},"content":{"rendered":"\n<figure class=\"wp-block-image size-large\"><img loading=\"lazy\" decoding=\"async\" width=\"932\" height=\"354\" src=\"https:\/\/danielceron.fr\/karamar\/wp-content\/uploads\/2021\/03\/141209_Daniel_ELEMENTS-06.png\" alt=\"\" class=\"wp-image-12\" srcset=\"https:\/\/danielceron.fr\/karamar\/wp-content\/uploads\/2021\/03\/141209_Daniel_ELEMENTS-06.png 932w, https:\/\/danielceron.fr\/karamar\/wp-content\/uploads\/2021\/03\/141209_Daniel_ELEMENTS-06-300x114.png 300w, https:\/\/danielceron.fr\/karamar\/wp-content\/uploads\/2021\/03\/141209_Daniel_ELEMENTS-06-768x292.png 768w\" sizes=\"auto, (max-width: 932px) 100vw, 932px\" \/><\/figure>\n\n\n\n<p>Le Karate-d\u00f4, comme son nom l\u2019indique, englobe la partie japonaise, tant technique que philosophique, de la pratique de cet Art martial.<\/p>\n\n\n\n<p><strong>\u00c9volution du karate-d\u00f4<\/strong><\/p>\n\n\n\n<p>Son origine se situe dans les ann\u00e9es 1930, lorsque Gichin Funakoshi abandonna les id\u00e9ogrammes \u5510\u624b\u8853 (Tode &#8211; Main des T\u2019ANG &#8211; techniques de la main chinoise) au profit de \u7a7a\u624b\u9053( Karate-d\u00f4 &#8211; la voie de la main vide)<\/p>\n\n\n\n<p>La pratique originelle apport\u00e9e d\u2019Okinawa par le Ma\u00eetre n\u2019a cess\u00e9 de se transformer. D\u00e9j\u00e0, \u00e0 son \u00e9poque, Ma\u00eetre Funakoshi regrettait cet \u00e9tat de fait. L\u2019essor mondial du karat\u00e9 avec son brassage de cultures, le d\u00e9veloppement de la comp\u00e9tition, une recherche de reconnaissance olympique, ont accentu\u00e9 le foss\u00e9 s\u00e9parant la pratique actuelle ou plut\u00f4t les pratiques d\u2019avec l\u2019esprit originel de la discipline. On a vu ainsi \u00e9clore les disciplines: karat\u00e9 jutsu, karat\u00e9 traditionnel, body-karat\u00e9&#8230; Le choix du terme karat\u00e9 martial permet de mettre en exergue l\u2019aspect mental et la recherche d\u2019efficacit\u00e9 dans la pratique.<\/p>\n\n\n\n<p>Ma\u00eetre Funakoshi \u00e9crit clairement dans son ouvrage que le karate-d\u00f4 est une discipline martiale, et, pr\u00e9cise que son origine est incontestablement en Chine. La seule possibilit\u00e9 de progresser, l\u2019\u00e2ge venant, est de se diriger vers une recherche sur l\u2019aspect interne et \u00e9nerg\u00e9tique de la pratique.<\/p>\n\n\n\n<p>On peut ainsi envisager une pratique distincte du karate-d\u00f4, purement japonais, et la d\u00e9finir ainsi : Karat\u00e9 Martial &#8211; \u00c9nergie Interne Pratique, englobant le karat\u00e9 japonais, les sp\u00e9cificit\u00e9s de l\u2019okinawa-te, le travail interne \u00e0 travers ses origines chinoises, enseign\u00e9e par une p\u00e9dagogie innovante.<\/p>\n\n\n\n<p><strong>La pratique<\/strong><\/p>\n\n\n\n<p>Le karat\u00e9 martial \u00e9tend les possibilit\u00e9s d\u2019entra\u00eenement puisqu\u2019il prend en compte tous les aspects de notre discipline :<\/p>\n\n\n\n<p>&#8211; La jonction entre les recherches originelles du tode et le karat\u00e9 japonais est effectu\u00e9e gr\u00e2ce \u00e0 l\u2019\u00e9tude du taikiken de K. Sawa\u00ef et des sp\u00e9cificit\u00e9s du karat\u00e9 d\u2019Okinawa.<br>&#8211; Le c\u00f4t\u00e9 interne est \u00e9tudi\u00e9 \u00e0 travers les sp\u00e9cificit\u00e9s du taiji et du qi gong.<\/p>\n\n\n\n<p>L\u2019application de ces formes de travail est effectu\u00e9e \u00e0 travers des cours o\u00f9 les techniques sont test\u00e9es sur des cibles pour \u00e9valuer l\u2019apport \u00e9nerg\u00e9tique dans la puissance de frappe. Ainsi, nous trouvons une filiation logique et visible entre le travail interne et l\u2019application effective des techniques dans un karat\u00e9 de combat efficace.<\/p>\n\n\n\n<p><strong>Une p\u00e9dagogie innovante<\/strong><\/p>\n\n\n\n<p>La p\u00e9dagogie chinoise et celle d\u2019Okinawa sont tr\u00e8s diff\u00e9rentes de la p\u00e9dagogie plus stricte et m\u00e9canique du karat\u00e9 japonais. L\u2019enseignement du karat\u00e9 martial s\u2019en inspire et se fait \u00e0 travers une p\u00e9dagogie qui :<\/p>\n\n\n\n<ul class=\"wp-block-list\">\n<li>correspond aux attentes des adultes<\/li>\n\n\n\n<li>permet des cours vivants<\/li>\n\n\n\n<li>privil\u00e9gie le travail \u00e0 deux<\/li>\n\n\n\n<li>permet de faire s\u2019entra\u00eener ensemble des \u00e9l\u00e8ves de niveau technique diff\u00e9rent<\/li>\n\n\n\n<li>prend en compte le c\u00f4t\u00e9 sant\u00e9<\/li>\n<\/ul>\n\n\n\n<p><strong>Formation et enseignement<\/strong><\/p>\n\n\n\n<p>La qualit\u00e9 du r\u00e9sultat d\u2019une formation d\u00e9pend bien s\u00fbr de la comp\u00e9tence du formateur, mais aussi du degr\u00e9 de motivation et d\u2019implication des participants \u00e0 suivre cette formation.<br>Le but d\u2019une formation en karat\u00e9 martial est d\u2019am\u00e9liorer la qualit\u00e9 de la forme technique existante pour pouvoir acc\u00e9der aux connaissances de fond. Chaque \u00e9l\u00e8ve est corrig\u00e9 individuellement dans ses nouvelles sensations afin d\u2019\u00eatre dirig\u00e9 sur une voie s\u00fbre, aboutissant \u00e0 des acquisitions bien r\u00e9elles, mettant en \u00e9vidence ses capacit\u00e9s d\u2019\u00e9volution.<\/p>\n\n\n\n<p><strong>Karat\u00e9 martial \u00e9nergie interne et sant\u00e8 : apports<\/strong><\/p>\n\n\n\n<p>La pratique du karat\u00e9 martial s\u2019inscrit dans un travail d\u2019int\u00e9riorisation des techniques qui favorise :<\/p>\n\n\n\n<ul class=\"wp-block-list\">\n<li>\u00a0une prise de conscience technique<\/li>\n\n\n\n<li>une prise de conscience du centre (hara)<\/li>\n\n\n\n<li>une prise de conscience de la zone des reins (koshi)Elle permet :<\/li>\n<\/ul>\n\n\n\n<ul class=\"wp-block-list\">\n<li>d\u2019am\u00e9liorer la vitesse et la puissance des techniques<\/li>\n\n\n\n<li>de lib\u00e9rer le corps de toutes tensions inutiles<\/li>\n\n\n\n<li>d\u2019augmenter la force dans les jambes<\/li>\n\n\n\n<li>d\u2019augmenter la force dans le dos<\/li>\n\n\n\n<li>de cr\u00e9er l\u2019enracinement<\/li>\n\n\n\n<li>d\u2019apporter le calme \u00e9motionnel et la confiance en soi.<\/li>\n<\/ul>\n\n\n\n<p><strong>Enrichir votre karat\u00e9<\/strong><\/p>\n\n\n\n<p>Le Karat\u00e9 Martial s\u2019adapte \u00e0 toutes les \u00e9coles ou styles de karat\u00e9 car il ne s\u2019agit pas d\u2019une m\u00e9thode particuli\u00e8re mais d\u2019une utilisation diff\u00e9rente du corps \u00e0 travers une construction interne et une prise de conscience, identique pour chacun. Il permet ainsi d\u2019am\u00e9liorer votre efficacit\u00e9 en combat.<\/p>\n\n\n<p>&lt;\n<\/p>\n\n\n<p>STAGE : Comment aborder les principes de l&rsquo;art interne.<\/p>\n\n\n\n<p>Uniquement sur r\u00e9servations , places limit\u00e9es .<br>Pour la progression de chacun, je vous demande un engagement sur les quatres stages.<br>Un groupe de niveau interm\u00e8diaire est d\u00e9j\u00e0 constitu\u00e9. Il est prioritaire.<br>Un groupe d\u00e9butant peut \u00eatre constitu\u00e9 \u00e0 partir de 15 inscrits, au dojo Makoto ou dans votre dojo.<br>Daniel Ceron .<\/p>\n","protected":false},"excerpt":{"rendered":"<p>Le Karate-d\u00f4, comme son nom l\u2019indique, englobe la partie japonaise, tant technique que philosophique, de la pratique de cet Art martial. \u00c9volution du karate-d\u00f4 Son origine se situe dans les ann\u00e9es 1930, lorsque Gichin Funakoshi abandonna les id\u00e9ogrammes \u5510\u624b\u8853 (Tode &#8211; Main des T\u2019ANG &#8211; techniques de la main chinoise)<a href=\"https:\/\/danielceron.fr\/karamar\/index.php\/karate-martial\/\" class=\"read-more\">Read More&#8230;<\/a><\/p>\n","protected":false},"author":1,"featured_media":0,"parent":0,"menu_order":6,"comment_status":"closed","ping_status":"closed","template":"fullwidth.php","meta":{"footnotes":""},"class_list":["post-59","page","type-page","status-publish","hentry"],"_links":{"self":[{"href":"https:\/\/danielceron.fr\/karamar\/index.php\/wp-json\/wp\/v2\/pages\/59","targetHints":{"allow":["GET"]}}],"collection":[{"href":"https:\/\/danielceron.fr\/karamar\/index.php\/wp-json\/wp\/v2\/pages"}],"about":[{"href":"https:\/\/danielceron.fr\/karamar\/index.php\/wp-json\/wp\/v2\/types\/page"}],"author":[{"embeddable":true,"href":"https:\/\/danielceron.fr\/karamar\/index.php\/wp-json\/wp\/v2\/users\/1"}],"replies":[{"embeddable":true,"href":"https:\/\/danielceron.fr\/karamar\/index.php\/wp-json\/wp\/v2\/comments?post=59"}],"version-history":[{"count":4,"href":"https:\/\/danielceron.fr\/karamar\/index.php\/wp-json\/wp\/v2\/pages\/59\/revisions"}],"predecessor-version":[{"id":584,"href":"https:\/\/danielceron.fr\/karamar\/index.php\/wp-json\/wp\/v2\/pages\/59\/revisions\/584"}],"wp:attachment":[{"href":"https:\/\/danielceron.fr\/karamar\/index.php\/wp-json\/wp\/v2\/media?parent=59"}],"curies":[{"name":"wp","href":"https:\/\/api.w.org\/{rel}","templated":true}]}}